{"id":403,"date":"2016-08-21T11:53:40","date_gmt":"2016-08-21T09:53:40","guid":{"rendered":"http:\/\/eliesenhof.de\/wordpress\/?page_id=403"},"modified":"2024-09-26T10:27:43","modified_gmt":"2024-09-26T08:27:43","slug":"niko-2","status":"publish","type":"page","link":"https:\/\/eliesenhof.de\/?page_id=403","title":{"rendered":"Niko Kalaitzidis"},"content":{"rendered":"<p><a href=\"https:\/\/eliesenhof.de\/wp-content\/uploads\/2016\/08\/niko01a.jpg\"><img loading=\"lazy\" decoding=\"async\" class=\"alignnone size-thumbnail wp-image-154\" src=\"https:\/\/eliesenhof.de\/wp-content\/uploads\/2016\/08\/niko01a-150x150.jpg\" alt=\"niko01a\" width=\"150\" height=\"150\" \/><\/a><\/p>\n<p>Niko liebt den Ackerbau und ist erster Vorsitzender der DQHA Baden W\u00fcrttemberg. Neben seinen landwirtschaftlichen Aufgaben besch\u00e4ftigt er sich mit Anpaarungen in der Pferde- und Rinderzucht. Sein gr\u00f6\u00dftes Interesse gilt der Qualit\u00e4tsverbesserung.<\/p>\n<p>Baden-W\u00fcrttemberg Sprecher von L.S.V. Land Schafft Verbindung.<\/p>\n<p>Niko f\u00e4hrt ausserdem Nutz- und Schlachtvieh.<\/p>\n","protected":false},"excerpt":{"rendered":"<p>Niko liebt den Ackerbau und ist erster Vorsitzender der DQHA Baden W\u00fcrttemberg. Neben seinen landwirtschaftlichen Aufgaben besch\u00e4ftigt er sich mit Anpaarungen in der Pferde- und Rinderzucht. Sein gr\u00f6\u00dftes Interesse gilt der Qualit\u00e4tsverbesserung. Baden-W\u00fcrttemberg Sprecher von L.S.V. Land Schafft Verbindung. Niko f\u00e4hrt ausserdem Nutz- und Schlachtvieh.<\/p>\n","protected":false},"author":3,"featured_media":0,"parent":0,"menu_order":0,"comment_status":"closed","ping_status":"closed","template":"","meta":{"footnotes":""},"class_list":["post-403","page","type-page","status-publish","hentry"],"_links":{"self":[{"href":"https:\/\/eliesenhof.de\/index.php?rest_route=\/wp\/v2\/pages\/403","targetHints":{"allow":["GET"]}}],"collection":[{"href":"https:\/\/eliesenhof.de\/index.php?rest_route=\/wp\/v2\/pages"}],"about":[{"href":"https:\/\/eliesenhof.de\/index.php?rest_route=\/wp\/v2\/types\/page"}],"author":[{"embeddable":true,"href":"https:\/\/eliesenhof.de\/index.php?rest_route=\/wp\/v2\/users\/3"}],"replies":[{"embeddable":true,"href":"https:\/\/eliesenhof.de\/index.php?rest_route=%2Fwp%2Fv2%2Fcomments&post=403"}],"version-history":[{"count":12,"href":"https:\/\/eliesenhof.de\/index.php?rest_route=\/wp\/v2\/pages\/403\/revisions"}],"predecessor-version":[{"id":2287,"href":"https:\/\/eliesenhof.de\/index.php?rest_route=\/wp\/v2\/pages\/403\/revisions\/2287"}],"wp:attachment":[{"href":"https:\/\/eliesenhof.de\/index.php?rest_route=%2Fwp%2Fv2%2Fmedia&parent=403"}],"curies":[{"name":"wp","href":"https:\/\/api.w.org\/{rel}","templated":true}]}}