{"id":215,"date":"2016-08-20T21:03:36","date_gmt":"2016-08-20T21:03:36","guid":{"rendered":"http:\/\/eliesenhof.de\/wordpress\/?page_id=215"},"modified":"2024-09-26T09:38:01","modified_gmt":"2024-09-26T07:38:01","slug":"onkel-helm-und-onkel-werner","status":"publish","type":"page","link":"https:\/\/eliesenhof.de\/?page_id=215","title":{"rendered":"FAMILIE"},"content":{"rendered":"<p><strong>Onkel Helm<\/strong> ist nicht wegzudenken, er ist der beste Freund der Kinder.<\/p>\n<p><a href=\"https:\/\/eliesenhof.de\/wp-content\/uploads\/2016\/08\/helm02a.jpg\"><img loading=\"lazy\" decoding=\"async\" class=\"wp-image-142 size-thumbnail aligncenter\" src=\"https:\/\/eliesenhof.de\/wp-content\/uploads\/2016\/08\/helm02a-150x150.jpg\" alt=\"helm02a\" width=\"150\" height=\"150\" \/><\/a><\/p>\n<p>Er sollte nur noch die leichteren Arbeiten erledigen, denn er soll uns noch eine lange Zeit erhalten bleiben.<\/p>\n<p>Unsere Kinder sind inzwischen alle erwachsen. Sie sind regelm\u00e4\u00dfig am Hof anzutreffen und helfen uns in den verschiedensten Bereichen. Unsere M\u00e4dels sind ausserdem aktiv im Turniersport und teilen unsere Leidenschaft zu den Pferden.<\/p>\n<p><strong>Tochter Anita, Schlosserin<\/strong><\/p>\n<p><a href=\"https:\/\/eliesenhof.de\/wp-content\/uploads\/2019\/03\/6ebcc09b-db31-4fd8-b1af-2a23eca450d6.jpg\"><img loading=\"lazy\" decoding=\"async\" class=\"size-thumbnail wp-image-776 aligncenter\" src=\"https:\/\/eliesenhof.de\/wp-content\/uploads\/2019\/03\/6ebcc09b-db31-4fd8-b1af-2a23eca450d6-150x150.jpg\" alt=\"\" width=\"150\" height=\"150\" srcset=\"https:\/\/eliesenhof.de\/wp-content\/uploads\/2019\/03\/6ebcc09b-db31-4fd8-b1af-2a23eca450d6-150x150.jpg 150w, https:\/\/eliesenhof.de\/wp-content\/uploads\/2019\/03\/6ebcc09b-db31-4fd8-b1af-2a23eca450d6-300x300.jpg 300w, https:\/\/eliesenhof.de\/wp-content\/uploads\/2019\/03\/6ebcc09b-db31-4fd8-b1af-2a23eca450d6.jpg 640w\" sizes=\"auto, (max-width: 150px) 100vw, 150px\" \/><\/a><\/p>\n<p>&nbsp;<\/p>\n<p><strong>Tochter Stefanie, Landwirtin, Huforthop\u00e4din<\/strong><\/p>\n<p><a href=\"https:\/\/eliesenhof.de\/wp-content\/uploads\/2019\/04\/2368153b-1040-4062-b1d6-101770d79439.jpg\"><img loading=\"lazy\" decoding=\"async\" class=\"alignright size-thumbnail wp-image-1354\" src=\"https:\/\/eliesenhof.de\/wp-content\/uploads\/2019\/04\/2368153b-1040-4062-b1d6-101770d79439-150x150.jpg\" alt=\"\" width=\"150\" height=\"150\" \/><\/a> <a href=\"https:\/\/eliesenhof.de\/wp-content\/uploads\/2019\/04\/126e692c-a41f-420b-a266-4c80c100c399.jpg\"><img loading=\"lazy\" decoding=\"async\" class=\"alignright size-thumbnail wp-image-1355\" src=\"https:\/\/eliesenhof.de\/wp-content\/uploads\/2019\/04\/126e692c-a41f-420b-a266-4c80c100c399-150x150.jpg\" alt=\"\" width=\"150\" height=\"150\" \/><\/a><\/p>\n<p><a href=\"https:\/\/eliesenhof.de\/wp-content\/uploads\/2019\/03\/IMG_0447-e1552310194311.jpg\"><img loading=\"lazy\" decoding=\"async\" class=\"alignright size-thumbnail wp-image-798\" src=\"https:\/\/eliesenhof.de\/wp-content\/uploads\/2019\/03\/IMG_0447-e1552310194311-150x150.jpg\" alt=\"\" width=\"150\" height=\"150\" \/><\/a> <a href=\"https:\/\/eliesenhof.de\/wp-content\/uploads\/2019\/03\/IMG_1564.jpg\"><img loading=\"lazy\" decoding=\"async\" class=\"alignright size-thumbnail wp-image-775\" src=\"https:\/\/eliesenhof.de\/wp-content\/uploads\/2019\/03\/IMG_1564-150x150.jpg\" alt=\"\" width=\"150\" height=\"150\" \/><\/a><\/p>\n<p>&nbsp;<\/p>\n<p>&nbsp;<\/p>\n<p>&nbsp;<\/p>\n<p>&nbsp;<\/p>\n<p>&nbsp;<\/p>\n<p>&nbsp;<\/p>\n<p>&nbsp;<\/p>\n<p>&nbsp;<\/p>\n<p><strong>Sohn Bastian, Landwirtschaftsmeister<\/strong><\/p>\n<p><a href=\"https:\/\/eliesenhof.de\/wp-content\/uploads\/2019\/03\/Bildschirmfoto-2019-03-10-um-20.54.14.png\"><img loading=\"lazy\" decoding=\"async\" class=\"size-thumbnail wp-image-777 aligncenter\" src=\"https:\/\/eliesenhof.de\/wp-content\/uploads\/2019\/03\/Bildschirmfoto-2019-03-10-um-20.54.14-150x150.png\" alt=\"\" width=\"150\" height=\"150\" srcset=\"https:\/\/eliesenhof.de\/wp-content\/uploads\/2019\/03\/Bildschirmfoto-2019-03-10-um-20.54.14-150x150.png 150w, https:\/\/eliesenhof.de\/wp-content\/uploads\/2019\/03\/Bildschirmfoto-2019-03-10-um-20.54.14-300x300.png 300w, https:\/\/eliesenhof.de\/wp-content\/uploads\/2019\/03\/Bildschirmfoto-2019-03-10-um-20.54.14.png 429w\" sizes=\"auto, (max-width: 150px) 100vw, 150px\" \/><\/a><\/p>\n<p>&nbsp;<\/p>\n<p><strong>Sohn Mathias, Messebau<\/strong><\/p>\n<p><a href=\"https:\/\/eliesenhof.de\/wp-content\/uploads\/2019\/03\/Bildschirmfoto-2019-03-10-um-21.00.47.png\"><img loading=\"lazy\" decoding=\"async\" class=\"size-thumbnail wp-image-778 aligncenter\" src=\"https:\/\/eliesenhof.de\/wp-content\/uploads\/2019\/03\/Bildschirmfoto-2019-03-10-um-21.00.47-150x150.png\" alt=\"\" width=\"150\" height=\"150\" \/><\/a><\/p>\n<p>&nbsp;<\/p>\n","protected":false},"excerpt":{"rendered":"<p>Onkel Helm ist nicht wegzudenken, er ist der beste Freund der Kinder. Er sollte nur noch die leichteren Arbeiten erledigen, denn er soll uns noch eine lange Zeit erhalten bleiben. Unsere Kinder sind inzwischen alle erwachsen. Sie sind regelm\u00e4\u00dfig am Hof anzutreffen und helfen uns in den verschiedensten Bereichen. Unsere M\u00e4dels sind ausserdem aktiv im &hellip; <a href=\"https:\/\/eliesenhof.de\/?page_id=215\" class=\"more-link\"><span class=\"screen-reader-text\">FAMILIE<\/span> weiterlesen <span class=\"meta-nav\">&rarr;<\/span><\/a><\/p>\n","protected":false},"author":3,"featured_media":0,"parent":0,"menu_order":0,"comment_status":"closed","ping_status":"closed","template":"","meta":{"footnotes":""},"class_list":["post-215","page","type-page","status-publish","hentry"],"_links":{"self":[{"href":"https:\/\/eliesenhof.de\/index.php?rest_route=\/wp\/v2\/pages\/215","targetHints":{"allow":["GET"]}}],"collection":[{"href":"https:\/\/eliesenhof.de\/index.php?rest_route=\/wp\/v2\/pages"}],"about":[{"href":"https:\/\/eliesenhof.de\/index.php?rest_route=\/wp\/v2\/types\/page"}],"author":[{"embeddable":true,"href":"https:\/\/eliesenhof.de\/index.php?rest_route=\/wp\/v2\/users\/3"}],"replies":[{"embeddable":true,"href":"https:\/\/eliesenhof.de\/index.php?rest_route=%2Fwp%2Fv2%2Fcomments&post=215"}],"version-history":[{"count":18,"href":"https:\/\/eliesenhof.de\/index.php?rest_route=\/wp\/v2\/pages\/215\/revisions"}],"predecessor-version":[{"id":2280,"href":"https:\/\/eliesenhof.de\/index.php?rest_route=\/wp\/v2\/pages\/215\/revisions\/2280"}],"wp:attachment":[{"href":"https:\/\/eliesenhof.de\/index.php?rest_route=%2Fwp%2Fv2%2Fmedia&parent=215"}],"curies":[{"name":"wp","href":"https:\/\/api.w.org\/{rel}","templated":true}]}}

<p><strong>Onkel Helm</strong> ist nicht wegzudenken, er ist der beste Freund der Kinder.</p>
<p><a href="https://eliesenhof.de/wp-content/uploads/2016/08/helm02a.jpg"><img loading="lazy" decoding="async" class="wp-image-142 size-thumbnail aligncenter" src="https://eliesenhof.de/wp-content/uploads/2016/08/helm02a-150x150.jpg" alt="helm02a" width="150" height="150" /></a></p>
<p>Er sollte nur noch die leichteren Arbeiten erledigen, denn er soll uns noch eine lange Zeit erhalten bleiben.</p>
<p>Unsere Kinder sind inzwischen alle erwachsen. Sie sind regelmäßig am Hof anzutreffen und helfen uns in den verschiedensten Bereichen. Unsere Mädels sind ausserdem aktiv im Turniersport und teilen unsere Leidenschaft zu den Pferden.</p>
<p><strong>Tochter Anita, Schlosserin</strong></p>
<p><a href="https://eliesenhof.de/wp-content/uploads/2019/03/6ebcc09b-db31-4fd8-b1af-2a23eca450d6.jpg"><img loading="lazy" decoding="async" class="size-thumbnail wp-image-776 aligncenter" src="https://eliesenhof.de/wp-content/uploads/2019/03/6ebcc09b-db31-4fd8-b1af-2a23eca450d6-150x150.jpg" alt="" width="150" height="150" srcset="https://eliesenhof.de/wp-content/uploads/2019/03/6ebcc09b-db31-4fd8-b1af-2a23eca450d6-150x150.jpg 150w, https://eliesenhof.de/wp-content/uploads/2019/03/6ebcc09b-db31-4fd8-b1af-2a23eca450d6-300x300.jpg 300w, https://eliesenhof.de/wp-content/uploads/2019/03/6ebcc09b-db31-4fd8-b1af-2a23eca450d6.jpg 640w" sizes="auto, (max-width: 150px) 100vw, 150px" /></a></p>
<p>&nbsp;</p>
<p><strong>Tochter Stefanie, Landwirtin, Huforthopädin</strong></p>
<p><a href="https://eliesenhof.de/wp-content/uploads/2019/04/2368153b-1040-4062-b1d6-101770d79439.jpg"><img loading="lazy" decoding="async" class="alignright size-thumbnail wp-image-1354" src="https://eliesenhof.de/wp-content/uploads/2019/04/2368153b-1040-4062-b1d6-101770d79439-150x150.jpg" alt="" width="150" height="150" /></a> <a href="https://eliesenhof.de/wp-content/uploads/2019/04/126e692c-a41f-420b-a266-4c80c100c399.jpg"><img loading="lazy" decoding="async" class="alignright size-thumbnail wp-image-1355" src="https://eliesenhof.de/wp-content/uploads/2019/04/126e692c-a41f-420b-a266-4c80c100c399-150x150.jpg" alt="" width="150" height="150" /></a></p>
<p><a href="https://eliesenhof.de/wp-content/uploads/2019/03/IMG_0447-e1552310194311.jpg"><img loading="lazy" decoding="async" class="alignright size-thumbnail wp-image-798" src="https://eliesenhof.de/wp-content/uploads/2019/03/IMG_0447-e1552310194311-150x150.jpg" alt="" width="150" height="150" /></a> <a href="https://eliesenhof.de/wp-content/uploads/2019/03/IMG_1564.jpg"><img loading="lazy" decoding="async" class="alignright size-thumbnail wp-image-775" src="https://eliesenhof.de/wp-content/uploads/2019/03/IMG_1564-150x150.jpg" alt="" width="150" height="150" /></a></p>
<p>&nbsp;</p>
<p>&nbsp;</p>
<p>&nbsp;</p>
<p>&nbsp;</p>
<p>&nbsp;</p>
<p>&nbsp;</p>
<p>&nbsp;</p>
<p>&nbsp;</p>
<p><strong>Sohn Bastian, Landwirtschaftsmeister</strong></p>
<p><a href="https://eliesenhof.de/wp-content/uploads/2019/03/Bildschirmfoto-2019-03-10-um-20.54.14.png"><img loading="lazy" decoding="async" class="size-thumbnail wp-image-777 aligncenter" src="https://eliesenhof.de/wp-content/uploads/2019/03/Bildschirmfoto-2019-03-10-um-20.54.14-150x150.png" alt="" width="150" height="150" srcset="https://eliesenhof.de/wp-content/uploads/2019/03/Bildschirmfoto-2019-03-10-um-20.54.14-150x150.png 150w, https://eliesenhof.de/wp-content/uploads/2019/03/Bildschirmfoto-2019-03-10-um-20.54.14-300x300.png 300w, https://eliesenhof.de/wp-content/uploads/2019/03/Bildschirmfoto-2019-03-10-um-20.54.14.png 429w" sizes="auto, (max-width: 150px) 100vw, 150px" /></a></p>
<p>&nbsp;</p>
<p><strong>Sohn Mathias, Messebau</strong></p>
<p><a href="https://eliesenhof.de/wp-content/uploads/2019/03/Bildschirmfoto-2019-03-10-um-21.00.47.png"><img loading="lazy" decoding="async" class="size-thumbnail wp-image-778 aligncenter" src="https://eliesenhof.de/wp-content/uploads/2019/03/Bildschirmfoto-2019-03-10-um-21.00.47-150x150.png" alt="" width="150" height="150" /></a></p>
<p>&nbsp;</p>

<p>Onkel Helm ist nicht wegzudenken, er ist der beste Freund der Kinder. Er sollte nur noch die leichteren Arbeiten erledigen, denn er soll uns noch eine lange Zeit erhalten bleiben. Unsere Kinder sind inzwischen alle erwachsen. Sie sind regelmäßig am Hof anzutreffen und helfen uns in den verschiedensten Bereichen. Unsere Mädels sind ausserdem aktiv im &hellip; <a href="https://eliesenhof.de/?page_id=215" class="more-link"><span class="screen-reader-text">FAMILIE</span> weiterlesen <span class="meta-nav">&rarr;</span></a></p>
