{"id":208,"date":"2016-08-20T20:54:07","date_gmt":"2016-08-20T20:54:07","guid":{"rendered":"http:\/\/eliesenhof.de\/wordpress\/?page_id=208"},"modified":"2023-05-13T20:13:19","modified_gmt":"2023-05-13T18:13:19","slug":"gabi-reiterlebenslauf","status":"publish","type":"page","link":"https:\/\/eliesenhof.de\/?page_id=208","title":{"rendered":"Gabi Reiterlebenslauf"},"content":{"rendered":"<p>Ich reite inzwischen seit dem Jahr 1976. Angefangen hat alles mit dem beliebten Ponyreiten. 1978 bekam ich mein erstes eigenes Pony. Leider konnte ich es nicht lange mein Eigen nennen, da es nach langem hin und her schlie\u00dflich f\u00fcr nicht reitbar erkl\u00e4rt wurde.<br \/>\nEin Verwanter meiner Mutter hatte einen Ponyhof im Raum Stuttgart, wo meine Geschwister und ich jede freie Minute verbracht haben. So hatte ich die M\u00f6glichkeit meine Zeit trotzdem bei den geliebten Vierbeinern zu verbringen. Als ich 13 Jahre alt war bekam ich meine erste Reitbeteiligung auf einem Norweger. Parallel dazu hatte ich auf einem Trakehner Reitunterricht (Dressur und Springen). In den Ferien half ich auf dem Hof aus und ritt zeitweise bis zu 4 Pferde. Genau zu dieser Zeit hatte ich meinen ersten Kontakt zu einem Paint Horse. Das Pferd geh\u00f6rte Andreas. Er zeigte mir voller Stolz seine neueste Errungenschaft: ein<br \/>\nQH Wallach aus den USA. Als ich dieses Pferd vor mir sah war mein erster Satz &#8222;Ist der dick!&#8220;. Er war entsetzt und sagte &#8222;Das sind alles Muskeln!&#8220;.<br \/>\nIch sah zu diesem Zeitpunkt das erste Mal in meinem Leben ein QH und nach n\u00e4herer Betrachtung war ich \u00fcberw\u00e4ltigt und entt\u00e4uscht zu gleich, ein derart tolles Pferd nie besitzen zu k\u00f6nnen. Zu diesem Zeitpunkt war so ein Pferd unerreichbar f\u00fcr<br \/>\nmich.<br \/>\nIm Jahr 1987 bekam ich einen Haflinger den ich leider nicht lange hatte, ich habe Ihn bei einem Unfall verloren. Im Jahr 1990 kaufte ich mir einen Traber-Vollblut Wallach, der angeblich nicht gerade rittig war. Ein Jahr sp\u00e4ter nahm ich meine erste Westernreitstunde bei Dieter Ludwig, dann regelm\u00e4\u00dfig alle 14 Tage. Nach drei Monaten hatten wir das Pferd einigerma\u00dfen<br \/>\nim Griff und ich wollte mehr, da ich gro\u00dfen Spa\u00df an der Westernreiterei gefunden hatte. Ich habe ihn verkauft und mir 1994 eine einj\u00e4hrige Paint Stute namens Fergie gekauft. Auf einem J\u00e4hrling kann man nat\u00fcrlich nicht reiten und so \u00fcberbr\u00fcckte ich die Zeit und ritt einen Paint Horse Hengst. Ich stellte ihn unter anderem auch 1998 in Baden-Baden auf dem Quarter-Mile-Rennen vor und holte Gold.<br \/>\nFergie machte sich gut. Ich ritt sie selber ein und trainierte sie auf Pleasure. 1996 belegte ich den 1. Platz bei der Paint Horse Pleasure Paderborn und wurde Deutscher Meister. Au\u00dferdem war ich Siegerin in 5 von 6 Turnieren in Pleasure Amateur.<br \/>\nAnfang \u00b497 habe ich Fergie aus privaten Gr\u00fcnden verkaufen m\u00fcssen.<br \/>\n1998 kaufte ich mir einen Appaloosa Hengst. <strong>Dandy <\/strong>war zu der Zeit ein halbes Jahr alt. 2001 habe ich ihn eingeritten. Er war als Hengst sehr schwierig und letztendlich musste ich ihn legen lassen.<br \/>\nAls ich Anfang 2003 im Internet st\u00f6berte entdeckte ich meine<strong> GV Dry Karat Lena<\/strong>. Mein einziger Gedanke war Dieses Pferd musst du haben! Ich habe den Wunsch in den Himmel geschickt. 4 Tage sp\u00e4ter kam eine Bekannte mit einer Freundin und sie wollte <strong>Dandy<\/strong> kaufen. Ich konnte mir endlich meinen lang ersehnten Wunsch erf\u00fcllen: mein eigenes Quarter Horse (20 Jahre sp\u00e4ter)<br \/>\nBis Lena alt genug war um eingeritten zu werden, stellte mir Eberhart Kleinmann seinen Hengst zur Verf\u00fcgung <strong>&#8222;The Final Coke&#8220;<\/strong> (Fifi). 2004 war<strong> GV Dry Karat Lena<\/strong> dreij\u00e4hrig und ich begann sie sanft einzureiten. Sie ist sehr gelehrig und willig etwas zu lernen. Inzwischen habe ich sie zu einem erfolgreichen Allrounder ausgebildet.<br \/>\n2004 habe ich mein Hobby zum Beruf gemacht und habe Jung-, Problem-, sowie auch Turnierpferde in Beritt. 2005 begleitete ich Gesa Meier-Bidmon als Equidenpass-Inspektor auf den Fohlenschauen und konnte sehr viel lernen.<br \/>\n2006 kam Kay Wienrich\u00b4s Hengst <strong>Black Jac 1997<\/strong> zu uns auf den Hof, Am Wochenende gebe ich regelm\u00e4\u00dfig Versatility-Kurse, die von den Teilnehmern sehr gut angenommen werden. Ich habe dieses Jahr meine Richterpr\u00fcfung absolviert und bestanden. Daf\u00fcr m\u00f6chte ich mich noch herzlich f\u00fcr die tatkr\u00e4ftige Unterst\u00fctzung, insbesondere bei Michaela Kayser, Dagmar Zenker, J\u00fcrgen von Bistram, Torsten Haier und der DQHA bedanken.<br \/>\n2008 haben wir einen weiteren Hengst bei uns aufgenommen <strong>&#8222;Most Likely Olena&#8220;<\/strong>, der ist einfach nur Klasse. 2010 werden seine ersten in Deutschland gezogene Fohlen auf die Welt kommen.<br \/>\nAb 2018 ist der Sohn <strong>EH ONEOF LENASFINEST<\/strong>\u00a0von <strong>Most Likely Olena X GV Dry Karat Lena<\/strong> im Deckeinsatz er ist einer der erfolgreichsten und vielseitigsten Quarterhorses in Deutschland.<br \/>\nich war bei seiner Geburt dabei dabe Ihn aufgezogen und ausgebildet, und nat\u00fcrlich vorgestellt und 2015 <strong>K\u00f6ren<\/strong> lassen.<br \/>\nWir haben das Melken wieder angefangen und daher nicht so viel zeit zu Reiten daher werde ich nur auf den wichtigen ( f\u00fcr mein Pferd ) zu sehen sein.<\/p>\n<p>&nbsp;<\/p>\n","protected":false},"excerpt":{"rendered":"<p>Ich reite inzwischen seit dem Jahr 1976. Angefangen hat alles mit dem beliebten Ponyreiten. 1978 bekam ich mein erstes eigenes Pony. Leider konnte ich es nicht lange mein Eigen nennen, da es nach langem hin und her schlie\u00dflich f\u00fcr nicht reitbar erkl\u00e4rt wurde. Ein Verwanter meiner Mutter hatte einen Ponyhof im Raum Stuttgart, wo meine &hellip; <a href=\"https:\/\/eliesenhof.de\/?page_id=208\" class=\"more-link\"><span class=\"screen-reader-text\">Gabi Reiterlebenslauf<\/span> weiterlesen <span class=\"meta-nav\">&rarr;<\/span><\/a><\/p>\n","protected":false},"author":3,"featured_media":0,"parent":200,"menu_order":2,"comment_status":"closed","ping_status":"closed","template":"","meta":{"footnotes":""},"class_list":["post-208","page","type-page","status-publish","hentry"],"_links":{"self":[{"href":"https:\/\/eliesenhof.de\/index.php?rest_route=\/wp\/v2\/pages\/208","targetHints":{"allow":["GET"]}}],"collection":[{"href":"https:\/\/eliesenhof.de\/index.php?rest_route=\/wp\/v2\/pages"}],"about":[{"href":"https:\/\/eliesenhof.de\/index.php?rest_route=\/wp\/v2\/types\/page"}],"author":[{"embeddable":true,"href":"https:\/\/eliesenhof.de\/index.php?rest_route=\/wp\/v2\/users\/3"}],"replies":[{"embeddable":true,"href":"https:\/\/eliesenhof.de\/index.php?rest_route=%2Fwp%2Fv2%2Fcomments&post=208"}],"version-history":[{"count":4,"href":"https:\/\/eliesenhof.de\/index.php?rest_route=\/wp\/v2\/pages\/208\/revisions"}],"predecessor-version":[{"id":889,"href":"https:\/\/eliesenhof.de\/index.php?rest_route=\/wp\/v2\/pages\/208\/revisions\/889"}],"up":[{"embeddable":true,"href":"https:\/\/eliesenhof.de\/index.php?rest_route=\/wp\/v2\/pages\/200"}],"wp:attachment":[{"href":"https:\/\/eliesenhof.de\/index.php?rest_route=%2Fwp%2Fv2%2Fmedia&parent=208"}],"curies":[{"name":"wp","href":"https:\/\/api.w.org\/{rel}","templated":true}]}}